Determine f(-77).
-733
Let c(m) = -5*m**3 + 4179*m**2 + 21011*m - 81. Calculate c(-5).
-36
Let x(g) = g**2 + 24971*g + 3649155. Determine x(-147).
27
Let p(n) = n**2 - 127*n - 8956. What is p(-50)?
-106
Let x(d) = -d**3 - 15*d**2 + 15*d + 389. Determine x(-12).
-223
Let k(d) = -79620*d + 398251. Calculate k(5).
151
Let n(x) = -5*x**2 - 3163*x - 111861. What is n(-595)?
-1
Let l(h) = -h**2 + 20745*h - 745516. Calculate l(36).
8
Let c(p) = p**2 + 134*p + 3887. Determine c(-93).
74
Let m(h) = 7*h**2 - 743*h + 54. Determine m(106).
-52
Let j(i) = -267*i + 56452. Determine j(209).
649
Let a(b) = -7*b**2 + 6410*b + 83284. Determine a(-13).
-1229
Let w(t) = 121*t + 4957. What is w(-42)?
-125
Let y(o) = -43864*o + 175146. Determine y(4).
-310
Let h(j) = 20*j**3 + 206*j**2 + 80*j + 188. What is h(-10)?
-12
Let u(r) = 7*r**2 - 951*r + 10181. Calculate u(12).
-223
Let z(v) = -425*v**2 + 7646*v + 60. Determine z(18).
-12
Let d(n) = n**3 + 473*n**2 - 6316*n + 964. Determine d(-486).
-8
Let u(z) = -z**3 - 75*z**2 - 156*z + 27. What is u(-73)?
757
Let s(t) = t**3 - 161*t**2 + 5490*t - 103. What is s(49)?
-5
Let d(t) = -2*t**3 - 66*t**2 + 162*t + 6. Give d(-35).
-764
Let o(z) = 8927*z + 2026472. Give o(-227).
43
Let c(k) = -9308*k - 2131519. Determine c(-229).
13
Let z(r) = 25*r**2 - 432*r - 18666. Determine z(-20).
-26
Let j(f) = -f**2 + 97*f - 2159. Determine j(96).
-2063
Let d(s) = s**2 + 70*s + 383. Give d(-61).
-166
Let p(k) = 1054*k - 244625. Give p(232).
-97
Let h(i) = -112*i + 5315. Give h(47).
51
Let p(n) = 24*n**2 - 233*n - 66. Determine p(10).
4
Let o(g) = 9*g**2 + 83*g + 1. Determine o(2).
203
Let h(f) = -802*f**2 + 6998*f + 4. Give h(9).
-1976
Let k(i) = -i**3 + 293*i**2 - 2559*i + 575305. Calculate k(291).
-2
Let x(r) = 3*r**3 - 272*r**2 - 125*r + 2981. Give x(91).
-113
Let m(o) = o**2 + 3788*o + 2866432. Give m(-1045).
-3
Let d(x) = 1030*x + 26781. What is d(-26)?
1
Let m(n) = 21148*n - 803626. Give m(38).
-2
Let g(q) = -54*q**3 - q**2 - 65*q - 93. What is g(-2)?
465
Let g(d) = -5*d**2 + 421*d + 628. What is g(83)?
1126
Let d(x) = -111*x**2 - 6768*x + 144. Calculate d(-61).
-39
Let a(u) = u**2 + 112*u + 1389. What is a(-11)?
278
Let o(z) = 6562*z + 19637. Give o(-3).
-49
Let r(v) = v**3 - 17*v**2 - 312*v + 5564. What is r(19)?
358
Let o(w) = -352097*w + 704162. What is o(2)?
-32
Let m(t) = -t**3 + 18*t**2 + 446*t - 1566. What is m(-16)?
2
Let q(n) = -941*n**2 + 46*n + 10. Determine q(-2).
-3846
Let i(r) = -r**3 - 27*r**2 + 508*r + 28. Give i(11).
1018
Let d(p) = p**3 + 321*p**2 + 57*p + 18292. Give d(-321).
-5
Let h(v) = 328*v**2 + 1369*v + 224. Calculate h(-4).
-4
Let q(m) = 3047*m - 3171919. What is q(1041)?
8
Let u(m) = 27893*m + 725251. Give u(-26).
33
Let m(n) = n**3 - 213*n**2 + 4714*n - 2614. Determine m(188).
18
Let l(n) = 2*n**3 - 250*n**2 + 256*n - 983. Determine l(124).
9
Let s(k) = k**3 - 488*k**2 - 15549*k + 4664. Calculate s(518).
2
Let i(m) = 8*m**2 - 1020*m - 5287. What is i(-5)?
13
Let w(z) = -89442*z + 2146587. Determine w(24).
-21
Let n(b) = 20*b**2 + 114*b - 9382. Give n(19).
4
Let m(v) = v**2 + 64*v - 343. Calculate m(5).
2
Let d(h) = -3*h**3 - 200*h**2 - 137*h - 399. Give d(-66).
-69
Let o(t) = -7070*t - 49487. What is o(-7)?
3
Let s(t) = 13857*t - 1981539. What is s(143)?
12
Let m(u) = 437*u + 5235. What is m(-12)?
-9
Let j(t) = -242759*t + 485534. What is j(2)?
16
Let y(q) = 179298*q + 7530503. Calculate y(-42).
-13
Let i(b) = 2147*b + 30052. Calculate i(-14).
-6
Let q(w) = -12*w + 1204. Give q(96).
52
Let f(y) = 2*y**3 - 204*y**2 + 192*y + 395. What is f(101)?
-615
Let x(k) = -2*k**2 + 410*k - 7657. What is x(21)?
71
Let d(y) = 8*y**2 + 95*y - 600. What is d(-16)?
-72
Let g(a) = -29*a**2 - 531*a + 3696. What is g(7)?
-1442
Let g(h) = -h**3 + 13*h**2 + 77*h + 84. Give g(-3).
-3
Let y(u) = -18*u**2 + 456*u - 107. Give y(27).
-917
Let a(w) = 4245347*w - 25472082. What is a(6)?
0
Let u(i) = 73422*i + 367107. Calculate u(-5).
-3
Let b(c) = 1939*c**2 + 7757*c - 43. Determine b(-4).
-47
Let q(w) = 70*w**2 - 1231*w - 525. Calculate q(18).
-3
Let d(w) = -12*w**2 + 660*w + 5204. What is d(-7)?
-4
Let k(z) = 453*z**2 + 4535*z - 13. Calculate k(-10).
-63
Let q(h) = -13535*h + 270712. Give q(20).
12
Let v(y) = 43*y**2 + 3022*y + 892. Give v(-70).
52
Let o(z) = 119*z**2 + 839*z + 822. What is o(-1)?
102
Let y(s) = -11*s**2 + 320320*s - 640634. Calculate y(2).
-38
Let u(r) = -r**3 + 1968*r**2 - 202628*r - 324. Give u(109).
3
Let x(v) = -12051*v + 13677861. Calculate x(1135).
-24
Let s(o) = -16*o - 2184. Give s(-12).
-1992
Let z(k) = 779*k**2 + 13974*k - 885. Determine z(-18).
-21
Let b(z) = 3*z**2 - 4*z + 1. Determine b(3).
16
Let y(g) = -3098*g**2 - 1964137*g - 3161. Give y(-634).
9
Let s(i) = -4*i**2 + 75*i + 31605. Calculate s(-80).
5
Let z(g) = -g**2 + 171*g - 6888. What is z(66)?
42
Let r(a) = -11*a**2 - 1075*a - 5127. Calculate r(-5).
-27
Let u(d) = 102*d**2 - 5818*d + 13. What is u(57)?
-215
Let v(g) = -2*g**3 + 2092*g**2 - 12507*g - 35. Determine v(6).
-197
Let q(g) = -197*g - 12040. Determine q(-61).
-23
Let a(t) = -1013*t + 12123. Calculate a(12).
-33
Let u(f) = -f**2 - 511*f + 134082. Give u(191).
0
Let z(a) = a**3 + 164*a**2 + 776*a - 118. Calculate z(-5).
-23
Let i(w) = 3*w**3 + 111*w**2 + 20*w + 528. Give i(-37).
-212
Let l(p) = -368901*p + 2951205. Give l(8).
-3
Let g(a) = 1087*a**2 - 697*a + 2. Determine g(1).
392
Let q(f) = 18*f**2 - 1016*f + 1532. Calculate q(55).
102
Let j(s) = -4*s**3 + 19*s**2 - 8*s + 565. Determine j(0).
565
Let j(v) = -31253*v + 187511. What is j(6)?
-7
Let i(p) = -p**3 - 3896*p**2 - 27222*p + 18. Give i(-7).
11
Let z(c) = 2395*c + 24239. Give z(-10).
289
Let x(b) = -3*b**3 - 212*b**2 + 81*b + 574. Determine x(-71).
-136
Let a(m) = -m**3 - 1667*m**2 + 4*m + 30. Calculate a(0).
30
Let c(p) = 378*p - 1004. Calculate c(3).
130
Let j(b) = -b**3 + 239*b**2 + 44506*b + 7203. Calculate j(362).
-37
Let u(a) = a**3 - 40*a**2 + 46*a + 37. Give u(40).
1877
Let k(f) = 11*f**3 + 440*f**2 + 16*f + 610. What is k(-40)?
-30
Let n(d) = -3*d**3 + 31*d**2 - 303*d + 2940. Give n(10).
10
Let g(q) = 14*q**2 - 17057*q + 51200. Calculate g(3).
155
Let k(o) = -o**2 - 84955*o - 1613778. Determine k(-19).
6
Let y(p) = -29*p**3 - 259*p**2 - 386*p + 42. Give y(-7).
0
Let o(y) = 745*y**2 + 11169*y - 83. Give o(-15).
7
Let y(o) = o**3 + 26*o**2 - 981*o - 25675. Give y(-26).
-169
Let m(q) = -4971*q - 24783. Give m(-5).
72
Let d(h) = -h**3 - 123*h**2 + 597*h + 212. What is d(5)?
-3
Let y(f) = -f**2 + 11753*f + 994315. Calculate y(-84).
7
Let v(h) = -9*h**2 - 17*h + 46. What is v(-7)?
-276
Let n(s) = -3*s**3 + 133*s**2 + 227*s + 71. What is n(46)?
-67
Let t(m) = m**3 + 52*m**2 + 690*m + 525. What is t(-23)?
-4
Let l(z) = 4*z**2 - 54*z + 784. Calculate l(14).
812
Let p(n) = 4908*n + 44231. Give p(-9).
59
Let j(b) = -26*b**2 + 503*b - 131. What is j(24)?
-3035
Let s(x) = 2317*x + 44008. Calculate s(-19).
-15
Let z(y) = 117*y**2 - 836*y + 167. Calculate z(7).
48
Let n(p) = -34*p + 760. What is n(25)?
-90
Let a(n) = -2161*n + 11795. What is a(6)?
-1171
Let a(v) = 15*v**2 - 106*v - 158. Calculate a(17).
2375
Let c(p) = p**2 - 613*p + 6811. Determine c(11).
189
Let g(a) = 30967*a - 402620. Calculate g(13).
-49
Let t(x) = 213*x**2 - 954*x + 78. Give t(7).
3837
Let k(m) = -45*m**3 - 810*m**2 + 79*m + 1445. Determine k(-18).
23
Let y(s) = -25205*s + 151030. Give y(6).
-200
Let c(u) = -4*u**3 + 335*u**2 - 922*u + 2503. Give c(81).
-8
Let q(c) = c**3 - 53*c**2 + 251*c - 120. Determine q(47).
-1577
Let u(d) = 2*d**2 - 143*d + 487. Calculate u(68).
11
Let g(c) = 790*c**3 - 2*c**2 - 14*c - 14. Give g(-1).
-792
Let x(a) = 192271*a + 2114879. What is x(-11)?
-102
Let n(x) = 3*x**3 + 425*x**2 + 293*x + 29. Determine n(-141).
-1522
Let a(w) = 2*w**3 + 111*w**2 - 60*w - 293. Give a(-56).
-69
Let t(p) = -p**3 - 144*p**2 + 45875*p + 2623. Give t(154).
5
Let a(z) = -14*z**2 + 654*z - 7951. What is a(23)?
-315
Let c(w) = 10*w**2 + 435*w + 5708. What is c(-13)?
1743
Let t(x) = -2312*x + 908609. Calculate t(393).
-7
Let w(k) = 37220*k - 1079387. Determine w(29).
-7
Let g(q) = -102*q**2 - 937*q - 126. Give g(-9).
45
Let r(l) = l**3 - 55*l**2 + 101*l - 692. Determine r(53).
-957
Let s(y) = y**3 - 70*y**2 - 372*y + 5289. Calculate s(74).
-335
Let k(h)